{"id":66,"date":"2021-08-03T01:41:25","date_gmt":"2021-08-03T01:41:25","guid":{"rendered":"https:\/\/iqfperu.com\/?page_id=66"},"modified":"2021-08-03T01:41:25","modified_gmt":"2021-08-03T01:41:25","slug":"sostenibilidad","status":"publish","type":"page","link":"https:\/\/iqfperu.com\/?page_id=66","title":{"rendered":"Sostenibilidad"},"content":{"rendered":"<p>[et_pb_section fb_built=\u00bb1&#8243; _builder_version=\u00bb4.9.10&#8243; use_background_color_gradient=\u00bbon\u00bb background_color_gradient_start=\u00bbrgba(29,38,0,0.85)\u00bb background_color_gradient_end=\u00bbrgba(29,38,0,0)\u00bb background_color_gradient_direction=\u00bb45deg\u00bb background_color_gradient_overlays_image=\u00bbon\u00bb background_image=\u00bbhttps:\/\/iqfperu.com\/wp-content\/uploads\/2021\/08\/esparragos.jpeg\u00bb custom_padding=\u00bb6vw|0px|6vw|0px|true|false\u00bb][et_pb_row _builder_version=\u00bb3.25&#8243;][et_pb_column type=\u00bb4_4&#8243; _builder_version=\u00bb3.25&#8243; custom_padding=\u00bb|||\u00bb custom_padding__hover=\u00bb|||\u00bb][et_pb_text _builder_version=\u00bb4.9.10&#8243; text_font=\u00bb||||||||\u00bb text_font_size=\u00bb18px\u00bb text_line_height=\u00bb2em\u00bb ul_font=\u00bb||||||||\u00bb ol_font=\u00bb||||||||\u00bb header_font=\u00bbLato|700|||||||\u00bb header_font_size=\u00bb60px\u00bb header_line_height=\u00bb1.2em\u00bb header_2_font=\u00bb||||||||\u00bb header_3_font=\u00bb||||||||\u00bb header_4_font=\u00bb||||||||\u00bb header_5_font=\u00bb||||||||\u00bb header_6_font=\u00bb||||||||\u00bb text_orientation=\u00bbcenter\u00bb background_layout=\u00bbdark\u00bb max_width=\u00bb600px\u00bb module_alignment=\u00bbcenter\u00bb custom_margin=\u00bb|||\u00bb text_font_size_tablet=\u00bb\u00bb text_font_size_phone=\u00bb16px\u00bb text_font_size_last_edited=\u00bbon|phone\u00bb header_font_size_tablet=\u00bb50px\u00bb header_font_size_phone=\u00bb40px\u00bb header_font_size_last_edited=\u00bbon|phone\u00bb locked=\u00bboff\u00bb]<\/p>\n<h1>Sostenibilidad<\/h1>\n<p>&nbsp;<\/p>\n<p>&nbsp;<\/p>\n<p>[\/et_pb_text][\/et_pb_column][\/et_pb_row][\/et_pb_section][et_pb_section fb_built=\u00bb1&#8243; custom_padding_last_edited=\u00bbon|desktop\u00bb admin_label=\u00bbAbout\u00bb _builder_version=\u00bb4.9.10&#8243; background_image=\u00bbhttps:\/\/iqfperu.com\/wp-content\/uploads\/2021\/08\/gardener-03.png\u00bb background_size=\u00bbinitial\u00bb background_position=\u00bbtop_left\u00bb custom_margin_tablet=\u00bb\u00bb custom_margin_phone=\u00bb\u00bb custom_margin_last_edited=\u00bbon|desktop\u00bb custom_padding=\u00bb||0px||false|false\u00bb custom_padding_tablet=\u00bb\u00bb custom_padding_phone=\u00bb\u00bb][et_pb_row column_structure=\u00bb1_2,1_2&#8243; _builder_version=\u00bb3.25&#8243; custom_padding=\u00bb27px|0px|0|0px|false|false\u00bb locked=\u00bboff\u00bb][et_pb_column type=\u00bb1_2&#8243; _builder_version=\u00bb3.25&#8243; custom_padding=\u00bb|||\u00bb custom_padding__hover=\u00bb|||\u00bb][et_pb_text _builder_version=\u00bb4.9.10&#8243; text_font=\u00bbLato||||||||\u00bb text_font_size=\u00bb16px\u00bb text_line_height=\u00bb2em\u00bb header_font=\u00bb||||||||\u00bb header_3_font=\u00bbLato|700||on|||||\u00bb header_3_font_size=\u00bb20px\u00bb header_3_letter_spacing=\u00bb1px\u00bb header_3_line_height=\u00bb1.7em\u00bb hover_enabled=\u00bb0&#8243; text_font_size_tablet=\u00bb\u00bb text_font_size_phone=\u00bb14px\u00bb text_font_size_last_edited=\u00bbon|phone\u00bb locked=\u00bboff\u00bb sticky_enabled=\u00bb0&#8243;]<\/p>\n<h3>Responsabilidad Social<\/h3>\n<p style=\"font-weight: 400; text-align: justify;\"><span>Estamos comprometidos en desarrollar una agroindustria responsable, sostenible y \u00e9tica en el Valle Ica.<\/span><strong><span>\u00a0<\/span><\/strong><\/p>\n<p style=\"font-weight: 400; text-align: justify;\"><span>La formalidad en nuestra oferta de trabajo, el proceso de contrataci\u00f3n laboral, nuestras estrictas pol\u00edticas de Salud y Seguridad del Trabajador, nuestro sistema de c\u00e1lculo remunerativo y coberturas de salud para los trabajadores y sus familiares dependientes, nuestras estrategias de fidelizaci\u00f3n y c\u00e1lculo de beneficios sociales al finalizar campa\u00f1a son procesos llevados a cabo con la mayor responsabilidad, transparencia, respeto y valoraci\u00f3n por aquellas personas que con su gran esfuerzo, identificaci\u00f3n y compromiso hacen de IQF una empresa de clase mundial. La formalidad, transparencia, respeto, valoraci\u00f3n y buen trato a los colaboradores es una marca distintiva de IQF reconocida y valorada por toda la poblaci\u00f3n de trabajadores en el Valle de Ica.<\/span><\/p>\n<p>[\/et_pb_text][et_pb_blurb title=\u00bbVivamus sagittis lacus vel\u00bb use_icon=\u00bbon\u00bb font_icon=\u00bb%%202%%\u00bb icon_color=\u00bb#8db700&#8243; icon_placement=\u00bbleft\u00bb content_max_width=\u00bb1100px\u00bb use_icon_font_size=\u00bbon\u00bb icon_font_size=\u00bb20px\u00bb disabled_on=\u00bbon|on|on\u00bb _builder_version=\u00bb3.12&#8243; header_font=\u00bb|600|||||||\u00bb header_font_size=\u00bb14px\u00bb header_line_height=\u00bb1.4em\u00bb custom_margin=\u00bb||10px|\u00bb animation_style=\u00bbslide\u00bb animation_direction=\u00bbleft\u00bb animation_intensity_slide=\u00bb4%\u00bb animation=\u00bboff\u00bb disabled=\u00bbon\u00bb locked=\u00bboff\u00bb][\/et_pb_blurb][\/et_pb_column][et_pb_column type=\u00bb1_2&#8243; _builder_version=\u00bb3.25&#8243; custom_padding=\u00bb|||\u00bb custom_padding__hover=\u00bb|||\u00bb][et_pb_image src=\u00bbhttps:\/\/iqfperu.com\/wp-content\/uploads\/2021\/08\/Screen-Shot-2021-08-01-at-12.16.43-AM.png\u00bb title_text=\u00bbsocial iqf\u00bb align_tablet=\u00bbcenter\u00bb align_phone=\u00bb\u00bb align_last_edited=\u00bbon|desktop\u00bb _builder_version=\u00bb4.9.10&#8243; custom_margin=\u00bb||0px|\u00bb custom_padding=\u00bb10px||||false|false\u00bb animation_style=\u00bbslide\u00bb animation_direction=\u00bbtop\u00bb animation_intensity_slide=\u00bb2%\u00bb hover_enabled=\u00bb0&#8243; box_shadow_style=\u00bbpreset2&#8243; box_shadow_horizontal=\u00bb-12px\u00bb box_shadow_blur=\u00bb12px\u00bb box_shadow_spread=\u00bb4px\u00bb sticky_enabled=\u00bb0&#8243;][\/et_pb_image][et_pb_image src=\u00bbhttps:\/\/iqfperu.com\/wp-content\/uploads\/2021\/08\/gardener-01.png\u00bb align=\u00bbcenter\u00bb _builder_version=\u00bb3.23&#8243; use_background_color_gradient=\u00bbon\u00bb background_color_gradient_start=\u00bb#556e00&#8243; background_color_gradient_end=\u00bb#8db700&#8243; background_color_gradient_direction=\u00bb135deg\u00bb max_width=\u00bb146px\u00bb module_alignment=\u00bbright\u00bb always_center_on_mobile=\u00bboff\u00bb locked=\u00bboff\u00bb][\/et_pb_image][\/et_pb_column][\/et_pb_row][\/et_pb_section][et_pb_section fb_built=\u00bb1&#8243; custom_padding_last_edited=\u00bbon|desktop\u00bb admin_label=\u00bbour Work\u00bb _builder_version=\u00bb4.9.10&#8243; custom_padding=\u00bb0px||0px||true|false\u00bb custom_padding_tablet=\u00bb\u00bb custom_padding_phone=\u00bb\u00bb][et_pb_row column_structure=\u00bb1_2,1_2&#8243; use_custom_gutter=\u00bbon\u00bb gutter_width=\u00bb1&#8243; make_equal=\u00bbon\u00bb custom_padding_last_edited=\u00bbon|desktop\u00bb padding_left_right_link_2=\u00bbtrue\u00bb module_class=\u00bb et_pb_row_fullwidth\u00bb _builder_version=\u00bb4.9.10&#8243; width=\u00bb100%\u00bb width_tablet=\u00bb100%\u00bb width_phone=\u00bb\u00bb width_last_edited=\u00bbon|desktop\u00bb max_width=\u00bb100%\u00bb max_width_tablet=\u00bb100%\u00bb max_width_phone=\u00bb\u00bb max_width_last_edited=\u00bbon|desktop\u00bb custom_margin=\u00bb||||false|false\u00bb custom_padding=\u00bb0px|0px||0px|false|false\u00bb custom_padding_tablet=\u00bb\u00bb custom_padding_phone=\u00bb\u00bb make_fullwidth=\u00bbon\u00bb locked=\u00bboff\u00bb][et_pb_column type=\u00bb1_2&#8243; _builder_version=\u00bb3.25&#8243; custom_padding=\u00bb|||\u00bb custom_padding__hover=\u00bb|||\u00bb][et_pb_image src=\u00bbhttps:\/\/iqfperu.com\/wp-content\/uploads\/2021\/08\/WhatsApp-Image-2020-03-02-at-10.43.00.jpeg\u00bb title_text=\u00bbPTAR\u00bb _builder_version=\u00bb4.9.10&#8243; _module_preset=\u00bbdefault\u00bb custom_margin=\u00bb100px||||false|false\u00bb custom_margin_tablet=\u00bb\u00bb custom_margin_phone=\u00bb\u00bb custom_margin_last_edited=\u00bbon|desktop\u00bb hover_enabled=\u00bb0&#8243; box_shadow_style=\u00bbpreset2&#8243; box_shadow_blur=\u00bb12px\u00bb box_shadow_spread=\u00bb4px\u00bb sticky_enabled=\u00bb0&#8243;][\/et_pb_image][\/et_pb_column][et_pb_column type=\u00bb1_2&#8243; _builder_version=\u00bb3.25&#8243; custom_padding=\u00bb60px|8%||8%\u00bb custom_padding_tablet=\u00bb|10%||10%||true\u00bb custom_padding_phone=\u00bb\u00bb custom_padding_last_edited=\u00bbon|tablet\u00bb padding_tablet=\u00bb|10%||10%||true\u00bb padding_last_edited=\u00bbon|tablet\u00bb custom_padding__hover=\u00bb|||\u00bb][et_pb_text _builder_version=\u00bb4.9.10&#8243; text_font=\u00bbLato||||||||\u00bb text_font_size=\u00bb16px\u00bb text_line_height=\u00bb2em\u00bb header_2_font=\u00bbLato|700|||||||\u00bb header_2_font_size=\u00bb52px\u00bb header_2_line_height=\u00bb1.2em\u00bb custom_margin=\u00bb||40px||false|false\u00bb custom_margin_tablet=\u00bb\u00bb custom_margin_phone=\u00bb\u00bb custom_margin_last_edited=\u00bbon|desktop\u00bb custom_padding=\u00bb||||false|false\u00bb text_font_size_tablet=\u00bb\u00bb text_font_size_phone=\u00bb14px\u00bb text_font_size_last_edited=\u00bbon|phone\u00bb header_2_font_size_tablet=\u00bb42px\u00bb header_2_font_size_phone=\u00bb32px\u00bb header_2_font_size_last_edited=\u00bbon|desktop\u00bb locked=\u00bboff\u00bb]<\/p>\n<h3>Responsabilidad Ambiental<\/h3>\n<p style=\"font-weight: 400; text-align: justify;\"><span>El Valle de Ica es un lugar privilegiado por la gran cantidad de horas de sol que recibe al a\u00f1o comparado con otros lugares del pa\u00eds, lo cual lo convierte en un lugar ideal para la agricultura. Sin embargo, no debemos olvidar que es finalmente un desierto, donde el recurso h\u00eddrico es escaso por lo que debemos ser responsables y eficientes en la utilizaci\u00f3n de este recurso.<\/span><\/p>\n<p style=\"font-weight: 400; text-align: justify;\"><span>IQF del Per\u00fa apost\u00f3 por la implementaci\u00f3n de una moderna planta de tratamiento de aguas residuales la cual actualmente permite la reutilizaci\u00f3n del 100% de aguas industriales reduciendo as\u00ed el impacto en el medio ambiente del lugar donde operamos.<\/span><\/p>\n<p style=\"font-weight: 400; text-align: justify;\"><span>La gesti\u00f3n de Protecci\u00f3n Sanitaria de Cultivos y su respectivo Sistema de Manejo Integrado de plagas MIP de nuestros fundos, se enfoca principalmente en\u00a0pr\u00e1cticas de control cultural, etol\u00f3gico y biol\u00f3gico. Nuestra \u00e1rea de Investigaci\u00f3n y Desarrollo Agr\u00edcola trabaja continuamente en coordinaci\u00f3n con las \u00e1reas de Sanidad, Labores y Fertirriego analizando y realizando ensayos que permitan cada vez utilizar menos productos agroqu\u00edmicos. La fauna ben\u00e9fica de nuestros campos se mantiene siempre en equilibrio.<\/span><\/p>\n<p>[\/et_pb_text][\/et_pb_column][\/et_pb_row][\/et_pb_section]<\/p>\n","protected":false},"excerpt":{"rendered":"<p>Sostenibilidad &nbsp; &nbsp; Responsabilidad Social Estamos comprometidos en desarrollar una agroindustria responsable, sostenible y \u00e9tica en el Valle Ica.\u00a0 La formalidad en nuestra oferta de trabajo, el proceso de contrataci\u00f3n laboral, nuestras estrictas pol\u00edticas de Salud y Seguridad del Trabajador, nuestro sistema de c\u00e1lculo remunerativo y coberturas de salud para los trabajadores y sus familiares [&hellip;]<\/p>\n","protected":false},"author":2,"featured_media":0,"parent":0,"menu_order":0,"comment_status":"closed","ping_status":"closed","template":"","meta":{"_et_pb_use_builder":"on","_et_pb_old_content":"","_et_gb_content_width":"","footnotes":""},"class_list":["post-66","page","type-page","status-publish","hentry"],"_links":{"self":[{"href":"https:\/\/iqfperu.com\/index.php?rest_route=\/wp\/v2\/pages\/66","targetHints":{"allow":["GET"]}}],"collection":[{"href":"https:\/\/iqfperu.com\/index.php?rest_route=\/wp\/v2\/pages"}],"about":[{"href":"https:\/\/iqfperu.com\/index.php?rest_route=\/wp\/v2\/types\/page"}],"author":[{"embeddable":true,"href":"https:\/\/iqfperu.com\/index.php?rest_route=\/wp\/v2\/users\/2"}],"replies":[{"embeddable":true,"href":"https:\/\/iqfperu.com\/index.php?rest_route=%2Fwp%2Fv2%2Fcomments&post=66"}],"version-history":[{"count":5,"href":"https:\/\/iqfperu.com\/index.php?rest_route=\/wp\/v2\/pages\/66\/revisions"}],"predecessor-version":[{"id":123,"href":"https:\/\/iqfperu.com\/index.php?rest_route=\/wp\/v2\/pages\/66\/revisions\/123"}],"wp:attachment":[{"href":"https:\/\/iqfperu.com\/index.php?rest_route=%2Fwp%2Fv2%2Fmedia&parent=66"}],"curies":[{"name":"wp","href":"https:\/\/api.w.org\/{rel}","templated":true}]}}